{"id":54,"date":"2022-05-26T17:45:36","date_gmt":"2022-05-26T22:45:36","guid":{"rendered":"https:\/\/www.easypos.com.co\/?page_id=54"},"modified":"2022-06-11T21:43:17","modified_gmt":"2022-06-12T02:43:17","slug":"easymenu","status":"publish","type":"page","link":"https:\/\/easypos.com.co\/index.php\/easymenu\/","title":{"rendered":"EasyMenu"},"content":{"rendered":"\n<div class=\"wp-block-group\"><div class=\"wp-block-group__inner-container is-layout-flow wp-block-group-is-layout-flow\">\n<div class=\"wp-block-columns is-layout-flex wp-container-core-columns-is-layout-9d6595d7 wp-block-columns-is-layout-flex\">\n<div class=\"wp-block-column is-layout-flow wp-block-column-is-layout-flow\">\n<\/div>\n\n\n\n<div class=\"wp-block-column is-layout-flow wp-block-column-is-layout-flow\">\n<p class=\"has-text-align-left\" style=\"text-align:justify\" ;=\"\">Permite administrar su carta digital o cat\u00e1logo para su restaurante o negocio.<\/p>\n\n\n\n<p class=\"has-text-align-left\" style=\"text-align:justify\" ;=\"\"><p><strong>Funciones<\/strong><\/p>\u2022 Acceso r\u00e1pido a tu cat\u00e1logo<br>\u2022 Autenticidad para tu establecimiento<br>\u2022 Reduce costos de impresi\u00f3n<br>\u2022Visualizaci\u00f3n de tu cat\u00e1logo con mayor detalle y fotos.<\/p>\n\n\n\n<p><strong>Para<\/strong>: peque\u00f1as y medianas empresas o negocios.<\/p>\n\n\n\n<p><strong>Tiempo de vigencia:&nbsp;<\/strong>Plan a tu medida.<\/p>\n<\/div>\n<\/div>\n<\/div><\/div>\n\n\n\n<p class=\"has-text-align-left\" style=\"text-align:justify\" ;=\"\">Es una carta digital para tu restaurante o negocio, totalmente administrable, para cumplir con la norma de bioseguridad y para generar un posible aumento en tus ventas a domicilio, no cobramos comisi\u00f3n sobre las ventas, se pueden hacer cambios de precios, fotos o descripciones en tiempo real, el cliente no tiene que descargar ninguna App ni registrarse en ninguna parte, desde el mismo catalogo puede hacer su pedido por medio de whatsapp, todo esto y muchas otras funcionalidades<\/p>\n","protected":false},"excerpt":{"rendered":"<p>Permite administrar su carta digital o cat\u00e1logo para su restaurante o negocio. Funciones \u2022 Acceso r\u00e1pido a tu cat\u00e1logo\u2022 Autenticidad para tu establecimiento\u2022 Reduce costos de impresi\u00f3n\u2022Visualizaci\u00f3n de tu cat\u00e1logo con mayor detalle y fotos. Para: peque\u00f1as y medianas empresas o negocios. Tiempo de vigencia:&nbsp;Plan a tu medida. Es una carta digital para tu restaurante [&hellip;]<\/p>\n","protected":false},"author":1,"featured_media":0,"parent":0,"menu_order":0,"comment_status":"closed","ping_status":"closed","template":"templates\/template-full-width.php","meta":{"footnotes":""},"class_list":["post-54","page","type-page","status-publish","hentry"],"_links":{"self":[{"href":"https:\/\/easypos.com.co\/index.php\/wp-json\/wp\/v2\/pages\/54","targetHints":{"allow":["GET"]}}],"collection":[{"href":"https:\/\/easypos.com.co\/index.php\/wp-json\/wp\/v2\/pages"}],"about":[{"href":"https:\/\/easypos.com.co\/index.php\/wp-json\/wp\/v2\/types\/page"}],"author":[{"embeddable":true,"href":"https:\/\/easypos.com.co\/index.php\/wp-json\/wp\/v2\/users\/1"}],"replies":[{"embeddable":true,"href":"https:\/\/easypos.com.co\/index.php\/wp-json\/wp\/v2\/comments?post=54"}],"version-history":[{"count":5,"href":"https:\/\/easypos.com.co\/index.php\/wp-json\/wp\/v2\/pages\/54\/revisions"}],"predecessor-version":[{"id":98,"href":"https:\/\/easypos.com.co\/index.php\/wp-json\/wp\/v2\/pages\/54\/revisions\/98"}],"wp:attachment":[{"href":"https:\/\/easypos.com.co\/index.php\/wp-json\/wp\/v2\/media?parent=54"}],"curies":[{"name":"wp","href":"https:\/\/api.w.org\/{rel}","templated":true}]}}